ine i(8).
-6
Let u(s) = -378*s - 3799. Calculate u(-10).
-19
Let f(q) = -9*q + 93. Give f(18).
-69
Let t(q) = -3*q + 77. Determine t(-2).
83
Let r(q) = 25*q**3 + 60*q**2 - 60*q - 1. What is r(1)?
24
Let t(m) = 28*m - 1817. What is t(65)?
3
Let b(a) = 521*a - 1374. Calculate b(3).
189
Let v(z) = 44*z - 1265. Give v(29).
11
Let w(x) = x**3 + 8*x**2 + 12*x + 433. Determine w(-10).
113
Let f(p) = -3*p**3 + 168*p**2 + 176*p - 291. Determine f(57).
-6
Let y(p) = -2*p**2 - 36*p - 369. Calculate y(-9).
-207
Let j(x) = -x + 81. Calculate j(13).
68
Let z(k) = 83*k - 297. Determine z(6).
201
Let l(q) = 975*q - 3953. Calculate l(4).
-53
Let d(f) = -f**2 - 39*f - 183. What is d(-33)?
15
Let t(j) = -4*j**3 + 3*j**2 - 3*j - 19. Give t(-2).
31
Let f(q) = 2*q**3 - 7*q**2 + 28*q - 151. Calculate f(5).
64
Let y(l) = 9*l**2 - 4. What is y(-5)?
221
Let y(g) = -2*g**2 + 171*g + 1481. Determine y(-8).
-15
Let b(j) = -236*j + 268. Give b(3).
-440
Let p(w) = 4*w**2 - 7*w - 6. What is p(-2)?
24
Let z(t) = -9*t**3 - 3*t**2 + 1291*t + 1294. What is z(-1)?
9
Let y(k) = -1157*k + 1160. What is y(1)?
3
Let q(f) = -f**3 + 5*f**2 - 27*f + 42. What is q(10)?
-728
Let g(x) = x**2 + 77*x - 73. Determine g(-78).
5
Let j(s) = s**2 + 23*s - 35. Calculate j(-31).
213
Let p(a) = -13*a - 60. Calculate p(-2).
-34
Let c(a) = 17*a - 41. What is c(4)?
27
Let t(h) = h**3 - 30*h**2 - 255*h + 8704. Give t(28).
-4
Let o(c) = 51*c - 340. Calculate o(7).
17
Let w(j) = -j**2 - 100. Give w(15).
-325
Let y(m) = m**3 + m**2 - 12*m + 15. What is y(2)?
3
Let c(r) = 107*r - 4283. Give c(40).
-3
Let n(o) = 15*o + 322. Give n(-31).
-143
Let i(w) = -w**3 - 228*w**2 - 336*w - 24761. Give i(-227).
-18
Let h(s) = -s**3 - 4*s**2 - 192*s - 796. Calculate h(-4).
-28
Let p(u) = u**3 + 62*u**2 + 130*u + 604. Give p(-60).
4
Let w(q) = -2*q - 10. Give w(5).
-20
Let p(r) = -10363*r + 145081. What is p(14)?
-1
Let a(l) = l**3 + 51*l**2 + 158*l + 522. What is a(-48)?
-150
Let n(b) = 8*b**2 + 289*b + 828. What is n(-33)?
3
Let n(g) = -209*g - 1469. Give n(-7).
-6
Let p(a) = 459*a + 1691. Determine p(-5).
-604
Let l(x) = -x**3 - 11*x**2 + 27*x + 9. Determine l(-13).
-4
Let n(q) = -q**2 - 32*q - 204. What is n(-22)?
16
Let l(z) = 5*z - 118. What is l(27)?
17
Let y(r) = r**3 - 33*r**2 - 6*r + 117. Calculate y(33).
-81
Let v(s) = -s**3 + 28*s**2 - 33*s + 57. Give v(27).
-105
Let q(k) = 574*k - 87838. Give q(153).
-16
Let z(c) = c**3 - 56*c**2 + c - 7. Give z(56).
49
Let d(g) = 14*g**2 + 323*g + 18. Calculate d(-23).
-5
Let d(o) = 2*o + 150. What is d(36)?
222
Let m(j) = 78*j - 532. Determine m(7).
14
Let u(i) = -202*i + 785. Give u(4).
-23
Let n(d) = -10*d - 403. Calculate n(-38).
-23
Let i(j) = 107*j - 7282. What is i(68)?
-6
Let h(o) = -62*o - 781. Give h(-12).
-37
Let c(n) = n**3 - 21*n**2 + 75*n - 38. What is c(17)?
81
Let p(a) = -3*a - 20. Determine p(-9).
7
Let t(u) = u**3 + 7*u**2 - 18*u - 73. Give t(-9).
-73
Let c(z) = -2947*z - 8. Give c(0).
-8
Let j(c) = -52*c**2 - 2291*c - 138. Determine j(-44).
-6
Let u(q) = -q**2 + 198*q - 1330. Give u(7).
7
Let u(b) = -39*b - 2236. What is u(-55)?
-91
Let v(c) = 32*c**2 - 8255*c - 247. Determine v(258).
11
Let j(h) = -431*h + 3662. Give j(8).
214
Let k(i) = 2*i**3 - 13*i**2 + 14*i - 2. What is k(6)?
46
Let u(r) = r**3 - 25*r**2 - 84*r - 3. Give u(28).
-3
Let q(d) = d**2 + 2294*d + 65693. Calculate q(-29).
8
Let o(p) = -18*p**2 + 1397*p + 545. Give o(78).
-1
Let f(n) = n**3 - 4*n**2 + 9*n - 205. What is f(7)?
5
Let y(q) = q**2 - 137*q - 4043. Give y(-25).
7
Let g(q) = -q**2 - 13*q - 32. What is g(-5)?
8
Let j(k) = 3*k**2 + 102*k + 66. Calculate j(-33).
-33
Let z(s) = -6*s - 5. What is z(-1)?
1
Let d(g) = g**3 + 23*g**2 + 6*g - 238. Calculate d(-23).
-376
Let v(k) = -k**3 - 42*k**2 + 2810*k + 151. Give v(-78).
-5
Let u(p) = 2*p**2 + 49*p - 71. What is u(-26)?
7
Let y(f) = 3*f**3 + 35*f**2 - 146*f + 56. Determine y(-15).
-4
Let d(x) = x**2 + 18*x - 318. Give d(10).
-38
Let u(y) = 2*y**2 + 26*y + 86. What is u(-8)?
6
Let c(b) = b - 89. What is c(-6)?
-95
Let r(m) = 26*m - 526. Calculate r(21).
20
Let r(v) = -4*v**2 + 18*v + 185. Calculate r(-10).
-395
Let d(b) = -8*b + 146. Calculate d(26).
-62
Let s(d) = 148*d + 705. Calculate s(-5).
-35
Let w(b) = -b**3 - 12*b**2 - 205*b - 2106. Give w(-11).
28
Let d(b) = -753*b - 11358. What is d(-15)?
-63
Let u(k) = -9*k**2 + 86*k - 8. Give u(11).
-151
Let u(c) = -8*c - 346. Determine u(-56).
102
Let p(m) = -9*m**3 - 2*m**2 + 4*m + 14. Give p(4).
-578
Let g(f) = 2*f**3 + 35*f**2 + 135*f + 9. Determine g(-6).
27
Let o(m) = m**3 - 444*m**2 + 873*m + 4865. What is o(442)?
3
Let w(a) = 3*a**3 - 329*a**2 - 110*a + 105. What is w(110)?
105
Let q(g) = 1722*g - 30997. What is q(18)?
-1
Let u(b) = b**3 + 197*b**2 + 1517*b + 934. Determine u(-189).
-11
Let r(m) = 3*m**3 + 8*m - 36. Calculate r(6).
660
Let p(m) = -2*m**3 + 124*m**2 - 1914*m - 6. Determine p(33).
-6
Let i(f) = 2*f**3 + 2*f**2 + 19*f + 44. Give i(-3).
-49
Let n(b) = -b**3 - 14*b**2 + 4*b + 59. Determine n(-14).
3
Let l(y) = -3*y**2 - 6*y - 23. Calculate l(-6).
-95
Let t(m) = -m**3 - 37*m**2 - 100*m + 50. Determine t(-34).
-18
Let y(f) = -f**3 + 33*f**2 + 24*f + 344. Give y(34).
4
Let d(s) = -s**3 + 27*s**2 - 50*s. Calculate d(25).
0
Let i(d) = 278*d - 202. Determine i(-4).
-1314
Let j(a) = -a**2 - 34*a - 160. Give j(-34).
-160
Let b(p) = -p**3 + 6*p**2 + 26*p + 8. What is b(9)?
-1
Let b(m) = m**3 + 43*m**2 + 88*m + 160. Determine b(-41).
-86
Let d(n) = -3*n**3 + 3*n**2 + 2*n - 1. Calculate d(-2).
31
Let d(x) = x**3 - 6*x**2 + 21*x. Determine d(3).
36
Let f(b) = b**3 + 4*b**2 + 134*b + 693. Give f(-5).
-2
Let u(k) = 3*k**2 + 37*k - 308. Determine u(6).
22
Let k(c) = -171*c - 1893. Determine k(-11).
-12
Let v(u) = u**3 - 26*u**2 - 37*u + 323. Calculate v(27).
53
Let v(g) = -11*g**2 - 52*g - 17. What is v(-8)?
-305
Let f(v) = v**3 + v**2 + v + 56. Determine f(0).
56
Let x(t) = -t**3 - 9*t**2 + 8*t + 128. Give x(-9).
56
Let t(s) = -3*s**2 + 20*s - 17. Determine t(12).
-209
Let c(o) = 378*o + 1266. Give c(-3).
132
Let p(t) = 13*t**2 - 4978*t - 395. Determine p(383).
-12
Let p(u) = -32*u - 84. Calculate p(-3).
12
Let q(w) = -17*w**2 - 145*w - 40. Calculate q(-10).
-290
Let f(r) = 111*r + 7794. What is f(-70)?
24
Let i(t) = -167*t - 13187. Determine i(-79).
6
Let o(g) = -g**2 - 14*g + 112. Give o(-15).
97
Let v(z) = 3*z**3 - 27*z**2 - 94*z + 9. Determine v(-3).
-33
Let c(y) = 127*y - 23367. Calculate c(184).
1
Let l(u) = 95*u + 950. Calculate l(-10).
0
Let l(u) = -7*u**2 - 3*u + 2. Calculate l(-5).
-158
Let a(q) = -172*q - 5124. Calculate a(-30).
36
Let r(w) = -94*w + 1040. Give r(11).
6
Let z(l) = 3*l**2 + 320*l + 2009. Calculate z(-100).
9
Let c(g) = -4595*g + 73525. Determine c(16).
5
Let z(t) = -14*t + 168. Determine z(13).
-14
Let u(v) = -4*v**3 - 13*v**2 - 16*v - 30. Give u(-6).
462
Let i(o) = -o - 22. Calculate i(-34).
12
Let z(a) = 2899*a + 20224. Calculate z(-7).
-69
Let p(l) = -28*l**2 - 26*l - 53. Determine p(-2).
-113
Let u(n) = 3*n**3 + 7*n**2 - 17*n + 4. What is u(2)?
22
Let z(x) = 387*x + 23228. What is z(-60)?
8
Let p(q) = -28*q + 75. Give p(7).
-121
Let k(b) = b**2 - 215*b + 5219. Determine k(187).
-17
Let t(d) = d**3 + 35*d**2 - 34*d - 78. What is t(-36)?
-150
Let m(l) = 475*l + 7122. What is m(-15)?
-3
Let a(m) = -m**3 - 9*m**2 + 9*m - 12. What is a(-10)?
-2
Let p(j) = -j**3 + 33*j**2 - 63*j + 39. What is p(31)?
8
Let d(m) = m**2 + 91*m + 179. Determine d(-2).
1
Let v(i) = -792*i**2 + 6340*i - 18. Calculate v(8).
14
Let n(a) = a**2 - 10*a - 71. Give n(13).
-32
Let g(h) = h**3 - 5*h**2 - h + 2. What is g(0)?
2
Let z(c) = 2*c**3 + 9*c**2 - c - 12. Calculate z(-5).
-32
Let q(o) = -3*o**2 + 64*o + 13. What is q(22)?
-31
Let b(y) = 37*y - 1056. Give b(28).
-20
Let g(v) = -461*v - 3670. Determine g(-8).
18
Let f(v) = 83*v - 3288. Determine f(38).
-134
Let p(q) = -12*q**2 + 127*q - 276. Give p(7).
25
Let i(a) = -a**2 - 31*a + 293. Determine i(8).
-19
Let s(c) = -c**3 - 42*c**2 + 86*c - 59. Determine s(-44).
29
Let q(w) = 2*w**3 + w**2 - 9*w + 65. What is q(-4)?
-11
Let a(r) = -r**3 - 9*r**2 - 5*r + 32. Determine a(-8).
8
Let f(n) = -9310*n + 19. Calculate f(0).
19
Let t(x) = x**3 + 9*x**2 - 442*x - 39. Calculate t(17).
-39
Let f(j) = -2*j**3 + 31*j**2 + 20*j - 67. What is f(16)